{"id":17,"date":"2016-02-17T09:34:01","date_gmt":"2016-02-17T09:34:01","guid":{"rendered":"http:\/\/medi-chi.hu\/?page_id=17"},"modified":"2016-03-29T14:05:21","modified_gmt":"2016-03-29T14:05:21","slug":"szolgaltatasaink","status":"publish","type":"page","link":"https:\/\/medi-chi.hu\/index.php\/szolgaltatasaink\/","title":{"rendered":"Szolg\u00e1ltat\u00e1saink"},"content":{"rendered":"<div id=\"pl-17\"  class=\"panel-layout\" ><div id=\"pg-17-0\"  class=\"panel-grid panel-no-style\" ><div id=\"pgc-17-0-0\"  class=\"panel-grid-cell\" ><div id=\"panel-17-0-0-0\" class=\"so-panel widget widget_sow-features panel-first-child panel-last-child\" data-index=\"0\" ><div class=\"so-widget-sow-features so-widget-sow-features-default-8fff9aa72a12\">\n<div class=\"sow-features-list sow-features-responsive\">\n\n\t\t\t\n\t\t\t<div class=\"sow-features-feature sow-icon-container-position-top sow-features-feature-last-row\" style=\"width: 25%\">\n\n\t\t\t\t\t\t\t\t<div\n\t\t\t\t\tclass=\"sow-icon-container sow-container-rounded-sticker\"\n                    style=\"color: #82c158; \"\n\t\t\t\t\t>\n\t\t\t\t\t<div class=\"sow-icon-image\" style=\"background-image: url(https:\/\/i0.wp.com\/medi-chi.hu\/wp-content\/uploads\/2016\/02\/massage.png?resize=108%2C84&#038;ssl=1); font-size: 40px\"><\/div>\t\t\t\t<\/div>\n\t\t\t\t\n\t\t\t\t<div class=\"textwidget\">\n\t\t\t\t\t\t\t\t\t\t\t<h5>\n\t\t\t\t\t\t\t\t\t\t\t\t\t\tMassz\u00e9\u00e1zster\u00e1pi\u00e1k\t\t\t\t\t\t\t\t\t\t\t\t\t<\/h5>\n\t\t\t\t\t\n\t\t\t\t\t\t\t\t\t\t\t  Ahogy a stresszt\u0151l kialakulnak fizikai t\u00fcnetek, \u00fagy ezen t\u00fcnetek massz\u00e1zsal t\u00f6rt\u00e9n\u0151 kezel\u00e9se visszafele is hat, \u00e9s ellazults\u00e1got, megnyugv\u00e1st, jobb energia \u00e1raml\u00e1st hoz l\u00e9tre!\t\t\t\t\t\n\t\t\t\t\t\t\t\t\t\t\t<p class=\"sow-more-text\">\n\t\t\t\t\t\t\t<a href=\"http:\/\/medi-chi.hu\/index.php\/szolgaltatasaink\/szolgaltatas1\/\" >\t\t\t\t\t\t\tTov\u00e1bb\t\t\t\t\t\t\t<\/a>\t\t\t\t\t\t<\/p>\n\t\t\t\t\t\t\t\t\t<\/div>\n\t\t\t<\/div>\n\n\t\t\n\t\t\t<div class=\"sow-features-feature sow-icon-container-position-top sow-features-feature-last-row\" style=\"width: 25%\">\n\n\t\t\t\t\t\t\t\t<div\n\t\t\t\t\tclass=\"sow-icon-container sow-container-rounded-sticker\"\n                    style=\"color: #82c158; \"\n\t\t\t\t\t>\n\t\t\t\t\t<div class=\"sow-icon-image\" style=\"background-image: url(https:\/\/i0.wp.com\/medi-chi.hu\/wp-content\/uploads\/2016\/02\/cranio.png?resize=97%2C103&#038;ssl=1); font-size: 40px\"><\/div>\t\t\t\t<\/div>\n\t\t\t\t\n\t\t\t\t<div class=\"textwidget\">\n\t\t\t\t\t\t\t\t\t\t\t<h5>\n\t\t\t\t\t\t\t\t\t\t\t\t\t\t Cranio-sacralis ter\u00e1pia\t\t\t\t\t\t\t\t\t\t\t\t\t\t<\/h5>\n\t\t\t\t\t\n\t\t\t\t\t\t\t\t\t\t\tA cranio-sacralis ter\u00e1pia egy k\u00fcl\u00f6nlegesen gyeng\u00e9d, m\u00e9gis rendk\u00edv\u00fcli m\u00f3don hat\u00e9kony kezel\u00e9si forma, amely a szervezet \u00f6ngy\u00f3gy\u00edt\u00f3 mechanizmusaira, term\u00e9szetes v\u00e9dekez\u0151k\u00e9pess\u00e9g\u00e9re gyakorol hat\u00e1st, mik\u00f6zben lenyugtatja az idegrendszert.\t\t\t\t\t\n\t\t\t\t\t\t\t\t\t\t\t<p class=\"sow-more-text\">\n\t\t\t\t\t\t\t<a href=\"http:\/\/medi-chi.hu\/index.php\/szolgaltatasaink\/cranio-sacralis-terapia\/\" >\t\t\t\t\t\t\tTov\u00e1bb\t\t\t\t\t\t\t<\/a>\t\t\t\t\t\t<\/p>\n\t\t\t\t\t\t\t\t\t<\/div>\n\t\t\t<\/div>\n\n\t\t\n\t\t\t<div class=\"sow-features-feature sow-icon-container-position-top sow-features-feature-last-row\" style=\"width: 25%\">\n\n\t\t\t\t\t\t\t\t<div\n\t\t\t\t\tclass=\"sow-icon-container sow-container-rounded-sticker\"\n                    style=\"color: #82c158; \"\n\t\t\t\t\t>\n\t\t\t\t\t<div class=\"sow-icon-image\" style=\"background-image: url(https:\/\/i2.wp.com\/medi-chi.hu\/wp-content\/uploads\/2016\/02\/akup.png?resize=56%2C68&#038;ssl=1); font-size: 40px\"><\/div>\t\t\t\t<\/div>\n\t\t\t\t\n\t\t\t\t<div class=\"textwidget\">\n\t\t\t\t\t\t\t\t\t\t\t<h5>\n\t\t\t\t\t\t\t\t\t\t\t\t\t\tAkupressz\u00fara\t\t\t\t\t\t\t\t\t\t\t\t\t<\/h5>\n\t\t\t\t\t\n\t\t\t\t\t\t\t\t\t\t\tAz akupunkt\u00far\u00e1nak \u00e9s az akupressz\u00far\u00e1nak k\u00f6z\u00f6s a t\u00f6rt\u00e9nete, t\u00f6bb mint 2500 \u00e9ves hagyom\u00e1nya van. K\u00f6zt\u00fck az alapvet\u0151 k\u00fcl\u00f6nbs\u00e9g, hogy a test adott energia pontjait az akupunkt\u00fara eset\u00e9ben speci\u00e1lis t\u0171kkel megsz\u00farjuk, m\u00edg az akupressz\u00far\u00e1n\u00e1l massz\u00edrozzuk.\t\t\t\t\t\n\t\t\t\t\t\t\t\t\t\t\t<p class=\"sow-more-text\">\n\t\t\t\t\t\t\t<a href=\"http:\/\/medi-chi.hu\/index.php\/szolgaltatasaink\/akupresszura\/\" >\t\t\t\t\t\t\tTov\u00e1bb\t\t\t\t\t\t\t<\/a>\t\t\t\t\t\t<\/p>\n\t\t\t\t\t\t\t\t\t<\/div>\n\t\t\t<\/div>\n\n\t\t\n\t\t\t<div class=\"sow-features-feature sow-icon-container-position-top sow-features-feature-last-row\" style=\"width: 25%\">\n\n\t\t\t\t\t\t\t\t<div\n\t\t\t\t\tclass=\"sow-icon-container sow-container-rounded-sticker\"\n                    style=\"color: #82c158; \"\n\t\t\t\t\t>\n\t\t\t\t\t<div class=\"sow-icon-image\" style=\"background-image: url(https:\/\/i2.wp.com\/medi-chi.hu\/wp-content\/uploads\/2016\/02\/taichi.png?resize=68%2C68&#038;ssl=1); font-size: 40px\"><\/div>\t\t\t\t<\/div>\n\t\t\t\t\n\t\t\t\t<div class=\"textwidget\">\n\t\t\t\t\t\t\t\t\t\t\t<h5>\n\t\t\t\t\t\t\t\t\t\t\t\t\t\t A chikung-taichi\t\t\t\t\t\t\t\t\t\t\t\t\t\t<\/h5>\n\t\t\t\t\t\n\t\t\t\t\t\t\t\t\t\t\tNyugtatja a szellemet, szab\u00e1lyozza a chi-t, kombin\u00e1lja a mozg\u00e1st \u00e9s a nyugalmat, l\u00e9trehozza a testfelsz\u00edn \u00e9s a bels\u0151 szervek, a k\u00fcls\u0151 mozg\u00e1s \u00e9s bels\u0151 b\u00e9ke, az er\u0151 \u00e9s a szel\u00edds\u00e9g harm\u00f3ni\u00e1j\u00e1t.\t\t\t\t\t\n\t\t\t\t\t\t\t\t\t\t\t<p class=\"sow-more-text\">\n\t\t\t\t\t\t\t<a href=\"http:\/\/medi-chi.hu\/index.php\/szolgaltatasaink\/a-chikung-taichi\/\" >\t\t\t\t\t\t\tTov\u00e1bb\t\t\t\t\t\t\t<\/a>\t\t\t\t\t\t<\/p>\n\t\t\t\t\t\t\t\t\t<\/div>\n\t\t\t<\/div>\n\n\t\t\t\n<\/div>\n<\/div><\/div><\/div><\/div><\/div>","protected":false},"excerpt":{"rendered":"<p>Massz\u00e9\u00e1zster\u00e1pi\u00e1k Ahogy a stresszt\u0151l kialakulnak fizikai t\u00fcnetek, \u00fagy ezen t\u00fcnetek massz\u00e1zsal t\u00f6rt\u00e9n\u0151 kezel\u00e9se visszafele is hat, \u00e9s ellazults\u00e1got, megnyugv\u00e1st, jobb energia \u00e1raml\u00e1st hoz l\u00e9tre! Tov\u00e1bb Cranio-sacralis ter\u00e1pia A cranio-sacralis ter\u00e1pia egy k\u00fcl\u00f6nlegesen gyeng\u00e9d, m\u00e9gis rendk\u00edv\u00fcli m\u00f3don hat\u00e9kony kezel\u00e9si forma, amely a szervezet \u00f6ngy\u00f3gy\u00edt\u00f3 mechanizmusaira, term\u00e9szetes v\u00e9dekez\u0151k\u00e9pess\u00e9g\u00e9re gyakorol hat\u00e1st, mik\u00f6zben lenyugtatja az idegrendszert. Tov\u00e1bb Akupressz\u00fara Az&hellip;<\/p>\n","protected":false},"author":1,"featured_media":0,"parent":0,"menu_order":0,"comment_status":"closed","ping_status":"closed","template":"","meta":{"spay_email":""},"jetpack_sharing_enabled":true,"jetpack_shortlink":"https:\/\/wp.me\/P7fnlG-h","jetpack-related-posts":[{"id":141,"url":"https:\/\/medi-chi.hu\/index.php\/szolgaltatasaink\/szolgaltatas1\/","url_meta":{"origin":17,"position":0},"title":"Massz\u00e1zster\u00e1pi\u00e1k","date":"2016-03-22","format":false,"excerpt":"A massz\u00e1zs mindenkinek m\u00e1st jelent.. Minden ember m\u00e1st rem\u00e9l egy kezel\u00e9s sor\u00e1n. Van aki csak a f\u00e1j\u00f3 \u00e9s elgy\u00f6t\u00f6rt izmait befesz\u00fclt \u00edz\u00fcleteit szeretn\u00e9 kilaz\u00edtani, ez a leg \u00e1ltal\u00e1nosabb. Van aki egy kis megnyugv\u00e1st keres mert csak ilyenkor k\u00e9pes r\u00e1. \u00c9s m\u00e9g\u00a0sok\u00e1ig lehetne folytatni a sort\u2026 T\u00e9ny, hogy mai rohan\u00f3 vil\u00e1gunkban\u2026","rel":"","context":"Similar post","img":{"alt_text":"23","src":"https:\/\/i0.wp.com\/medi-chi.hu\/wp-content\/uploads\/2016\/04\/23.jpe?resize=350%2C200","width":350,"height":200},"classes":[]},{"id":326,"url":"https:\/\/medi-chi.hu\/index.php\/szolgaltatasaink\/ful-akupunktura\/","url_meta":{"origin":17,"position":1},"title":"F\u00fcl akupunkt\u00fara","date":"2016-03-30","format":false,"excerpt":"A kezel\u00e9s sor\u00e1n a f\u00fcl mint a test teljes holografikus lenyomata ker\u00fcl stimul\u00e1l\u00e1sra t\u0171kkel, vagy elektromosan. Ennek hat\u00e1s\u00e1ra beavatkoz\u00e1s t\u00f6rt\u00e9nik a szervezet energia folyamataiba, mely j\u00f3t\u00e9konyan befoly\u00e1solja az eg\u00e9sz szervezet m\u0171k\u00f6d\u00e9s\u00e9t, gy\u00f3gyul\u00e1s\u00e1t. Az eredm\u00e9ny nagyon gyorsan jelentkezik, a t\u0171 besz\u00far\u00e1s\u00e1t k\u00f6vet\u0151 t\u00edz percen \u00a0bel\u00fcl elkezdi kifejteni pozit\u00edv hat\u00e1s\u00e1t:\u00a0 cs\u00f6kken a\u2026","rel":"","context":"Similar post","img":{"alt_text":"","src":"https:\/\/i2.wp.com\/medi-chi.hu\/wp-content\/uploads\/2016\/03\/ful-300x283.png?resize=350%2C200","width":350,"height":200},"classes":[]},{"id":200,"url":"https:\/\/medi-chi.hu\/","url_meta":{"origin":17,"position":2},"title":"Kezd\u0151oldal","date":"2016-03-25","format":false,"excerpt":"\u00a0 \" Csak k\u00e9t nap van az \u00e9vben, mikor semmit sem tehetsz. Az egyik a tegnap, a m\u00e1sik a holnap. Teh\u00e1t csak a ma a megfelel\u0151 nap arra, hogy szeress, hogy higgy \u00e9s els\u0151sorban, hogy \u00e9lj! \" Dalai L\u00e1ma \u00a0 Aj\u00e1nd\u00e9kozzon b\u00e9rletet! R\u00f3lunk: A megszerzett tud\u00e1somat, tapasztalataimat a lehet\u0151 legnagyobb\u2026","rel":"","context":"Similar post","img":{"alt_text":"","src":"https:\/\/i1.wp.com\/medi-chi.hu\/wp-content\/uploads\/2016\/03\/ajandek.png?resize=350%2C200","width":350,"height":200},"classes":[]},{"id":15,"url":"https:\/\/medi-chi.hu\/index.php\/rolunk\/","url_meta":{"origin":17,"position":3},"title":"R\u00f3lunk","date":"2016-02-17","format":false,"excerpt":"\u00a0K\u00f6sz\u00f6ntelek kedves l\u00e1togat\u00f3! Engedd meg, hogy r\u00f6viden bemutatkozzam. Eg\u00e9szen kisgyermekkoromt\u00f3l fogva r\u00e9sz\u00e9t k\u00e9pezte az \u00e9letemnek az a gondolkod\u00e1s m\u00f3d ami miatt most itt vagyok. Vonzottak a megmagyar\u00e1zhatatlan, misztikus dolgok, mindig kerestem a \u201emi\u00e9rtekre\u201d a v\u00e1laszt a dolgok m\u00f6g\u00f6ttes m\u00e9lyebb meg\u00e9rt\u00e9s\u00e9re. Mindig figyeltem \u00e9s mindig \u201egondolkodtam, analiz\u00e1ltam\u201d\u00a0 Igen a logika \u00e9s\u2026","rel":"","context":"Similar post","img":{"alt_text":"","src":"https:\/\/i1.wp.com\/medi-chi.hu\/wp-content\/uploads\/2016\/03\/P1080721-264x300.jpg?resize=350%2C200","width":350,"height":200},"classes":[]}],"_links":{"self":[{"href":"https:\/\/medi-chi.hu\/index.php\/wp-json\/wp\/v2\/pages\/17"}],"collection":[{"href":"https:\/\/medi-chi.hu\/index.php\/wp-json\/wp\/v2\/pages"}],"about":[{"href":"https:\/\/medi-chi.hu\/index.php\/wp-json\/wp\/v2\/types\/page"}],"author":[{"embeddable":true,"href":"https:\/\/medi-chi.hu\/index.php\/wp-json\/wp\/v2\/users\/1"}],"replies":[{"embeddable":true,"href":"https:\/\/medi-chi.hu\/index.php\/wp-json\/wp\/v2\/comments?post=17"}],"version-history":[{"count":24,"href":"https:\/\/medi-chi.hu\/index.php\/wp-json\/wp\/v2\/pages\/17\/revisions"}],"predecessor-version":[{"id":319,"href":"https:\/\/medi-chi.hu\/index.php\/wp-json\/wp\/v2\/pages\/17\/revisions\/319"}],"wp:attachment":[{"href":"https:\/\/medi-chi.hu\/index.php\/wp-json\/wp\/v2\/media?parent=17"}],"curies":[{"name":"wp","href":"https:\/\/api.w.org\/{rel}","templated":true}]}}

Szolgáltatásaink

<div id="pl-17"  class="panel-layout" ><div id="pg-17-0"  class="panel-grid panel-no-style" ><div id="pgc-17-0-0"  class="panel-grid-cell" ><div id="panel-17-0-0-0" class="so-panel widget widget_sow-features panel-first-child panel-last-child" data-index="0" ><div class="so-widget-sow-features so-widget-sow-features-default-8fff9aa72a12">
<div class="sow-features-list sow-features-responsive">

			
			<div class="sow-features-feature sow-icon-container-position-top sow-features-feature-last-row" style="width: 25%">

								<div
					class="sow-icon-container sow-container-rounded-sticker"
                    style="color: #82c158; "
					>
					<div class="sow-icon-image" style="background-image: url(https://i0.wp.com/medi-chi.hu/wp-content/uploads/2016/02/massage.png?resize=108%2C84&#038;ssl=1); font-size: 40px"></div>				</div>
				
				<div class="textwidget">
											<h5>
														Masszéázsterápiák													</h5>
					
											  Ahogy a stressztől kialakulnak fizikai tünetek, úgy ezen tünetek masszázsal történő kezelése visszafele is hat, és ellazultságot, megnyugvást, jobb energia áramlást hoz létre!					
											<p class="sow-more-text">
							<a href="http://medi-chi.hu/index.php/szolgaltatasaink/szolgaltatas1/" >							Tovább							</a>						</p>
									</div>
			</div>

		
			<div class="sow-features-feature sow-icon-container-position-top sow-features-feature-last-row" style="width: 25%">

								<div
					class="sow-icon-container sow-container-rounded-sticker"
                    style="color: #82c158; "
					>
					<div class="sow-icon-image" style="background-image: url(https://i0.wp.com/medi-chi.hu/wp-content/uploads/2016/02/cranio.png?resize=97%2C103&#038;ssl=1); font-size: 40px"></div>				</div>
				
				<div class="textwidget">
											<h5>
														 Cranio-sacralis terápia														</h5>
					
											A cranio-sacralis terápia egy különlegesen gyengéd, mégis rendkívüli módon hatékony kezelési forma, amely a szervezet öngyógyító mechanizmusaira, természetes védekezőképességére gyakorol hatást, miközben lenyugtatja az idegrendszert.					
											<p class="sow-more-text">
							<a href="http://medi-chi.hu/index.php/szolgaltatasaink/cranio-sacralis-terapia/" >							Tovább							</a>						</p>
									</div>
			</div>

		
			<div class="sow-features-feature sow-icon-container-position-top sow-features-feature-last-row" style="width: 25%">

								<div
					class="sow-icon-container sow-container-rounded-sticker"
                    style="color: #82c158; "
					>
					<div class="sow-icon-image" style="background-image: url(https://i2.wp.com/medi-chi.hu/wp-content/uploads/2016/02/akup.png?resize=56%2C68&#038;ssl=1); font-size: 40px"></div>				</div>
				
				<div class="textwidget">
											<h5>
														Akupresszúra													</h5>
					
											Az akupunktúrának és az akupresszúrának közös a története, több mint 2500 éves hagyománya van. Köztük az alapvető különbség, hogy a test adott energia pontjait az akupunktúra esetében speciális tűkkel megszúrjuk, míg az akupresszúránál masszírozzuk.					
											<p class="sow-more-text">
							<a href="http://medi-chi.hu/index.php/szolgaltatasaink/akupresszura/" >							Tovább							</a>						</p>
									</div>
			</div>

		
			<div class="sow-features-feature sow-icon-container-position-top sow-features-feature-last-row" style="width: 25%">

								<div
					class="sow-icon-container sow-container-rounded-sticker"
                    style="color: #82c158; "
					>
					<div class="sow-icon-image" style="background-image: url(https://i2.wp.com/medi-chi.hu/wp-content/uploads/2016/02/taichi.png?resize=68%2C68&#038;ssl=1); font-size: 40px"></div>				</div>
				
				<div class="textwidget">
											<h5>
														 A chikung-taichi														</h5>
					
											Nyugtatja a szellemet, szabályozza a chi-t, kombinálja a mozgást és a nyugalmat, létrehozza a testfelszín és a belső szervek, a külső mozgás és belső béke, az erő és a szelídség harmóniáját.					
											<p class="sow-more-text">
							<a href="http://medi-chi.hu/index.php/szolgaltatasaink/a-chikung-taichi/" >							Tovább							</a>						</p>
									</div>
			</div>

			
</div>
</div></div></div></div></div>

<p>Masszéázsterápiák Ahogy a stressztől kialakulnak fizikai tünetek, úgy ezen tünetek masszázsal történő kezelése visszafele is hat, és ellazultságot, megnyugvást, jobb energia áramlást hoz létre! Tovább Cranio-sacralis terápia A cranio-sacralis terápia egy különlegesen gyengéd, mégis rendkívüli módon hatékony kezelési forma, amely a szervezet öngyógyító mechanizmusaira, természetes védekezőképességére gyakorol hatást, miközben lenyugtatja az idegrendszert. Tovább Akupresszúra Az&hellip;</p>

Masszázsterápiák

A masszázs mindenkinek mást jelent.. Minden ember mást remél egy kezelés során. Van aki csak a fájó és elgyötört izmait befeszült ízületeit szeretné kilazítani, ez a leg általánosabb. Van aki egy kis megnyugvást keres mert csak ilyenkor képes rá. És még sokáig lehetne folytatni a sort… Tény, hogy mai rohanó világunkban…

Fül akupunktúra

A kezelés során a fül mint a test teljes holografikus lenyomata kerül stimulálásra tűkkel, vagy elektromosan. Ennek hatására beavatkozás történik a szervezet energia folyamataiba, mely jótékonyan befolyásolja az egész szervezet működését, gyógyulását. Az eredmény nagyon gyorsan jelentkezik, a tű beszúrását követő tíz percen  belül elkezdi kifejteni pozitív hatását:  csökken a…

Kezdőoldal

" Csak két nap van az évben, mikor semmit sem tehetsz. Az egyik a tegnap, a másik a holnap. Tehát csak a ma a megfelelő nap arra, hogy szeress, hogy higgy és elsősorban, hogy élj! " Dalai Láma   Ajándékozzon bérletet! Rólunk: A megszerzett tudásomat, tapasztalataimat a lehető legnagyobb…

Rólunk

Köszöntelek kedves látogató! Engedd meg, hogy röviden bemutatkozzam. Egészen kisgyermekkoromtól fogva részét képezte az életemnek az a gondolkodás mód ami miatt most itt vagyok. Vonzottak a megmagyarázhatatlan, misztikus dolgok, mindig kerestem a „miértekre” a választ a dolgok mögöttes mélyebb megértésére. Mindig figyeltem és mindig „gondolkodtam, analizáltam”  Igen a logika és…
