{"id":181,"date":"2016-03-24T12:28:26","date_gmt":"2016-03-24T12:28:26","guid":{"rendered":"http:\/\/medi-chi.hu\/?page_id=181"},"modified":"2016-03-24T12:28:43","modified_gmt":"2016-03-24T12:28:43","slug":"torteneti-attekintes","status":"publish","type":"page","link":"https:\/\/medi-chi.hu\/index.php\/szolgaltatasaink\/a-chikung-taichi\/torteneti-attekintes\/","title":{"rendered":"T\u00f6rt\u00e9neti \u00e1ttekint\u00e9s"},"content":{"rendered":"<div id=\"pl-181\"  class=\"panel-layout\" ><div id=\"pg-181-0\"  class=\"panel-grid panel-no-style\" ><div id=\"pgc-181-0-0\"  class=\"panel-grid-cell\" ><div id=\"panel-181-0-0-0\" class=\"so-panel widget widget_sow-editor panel-first-child panel-last-child\" data-index=\"0\" ><div class=\"so-widget-sow-editor so-widget-sow-editor-base\">\n<div class=\"siteorigin-widget-tinymce textwidget\">\n\t<p>Mintegy 4000 \u00e9ve le\u00edrtak a Yao korszakb\u00f3l sz\u00e1rmaz\u00f3 Chi szab\u00e1lyoz\u00f3 \u00e9s l\u00e9gz\u0151gyakorlatokat.<\/p>\n<p>A Tao Tang t\u00f6rzs idej\u00e9ben feljegyezt\u00e9k orvosok, hogy egyes emberek a testnedvek kering\u00e9si zavarai miatt betegedtek meg. Nekik mozg\u00e1sgyakorlatokat \u00edrtak el\u0151, ami m\u00e1r a Chi Kung \u0151si form\u00e1ja volt. A Warring korszakb\u00f3l sz\u00e1rmaz\u00f3 \u00edr\u00e1s\u00e1ban a tud\u00f3s Laozi a l\u00e9gz\u00e9s szab\u00e1lyoz\u00e1sa mellett \u00e1llatok mozg\u00e1s\u00e1t ut\u00e1nz\u00f3 gyakorlatokat javasol a betegeknek. 45 k\u00e9pb\u0151l \u00e1ll\u00f3 illusztr\u00e1ci\u00f3ja mell\u00e9 azt tan\u00e1csolja, hogy mik\u00f6zben a mozg\u00e1ssorozatot v\u00e9gzik, legyenek szil\u00e1rdak \u00e9s mozogjanak k\u00f6nnyed\u00e9n.<\/p>\n<p>A Chin- \u00e9s Han-dinasztia sor\u00e1n (i.e. 221-i.sz.220) t\u00f6bb k\u00f6nyvet \u00edrtak a Chi Kungr\u00f3l.<\/p>\n<p>A h\u00edres k\u00ednai orvos, Huangdi Neijing t\u00f6bb fejezetet szentel a Chi Kung eredet\u00e9nek, alkalmaz\u00e1s\u00e1nak, oszt\u00e1lyoz\u00e1s\u00e1nak \u00e9s elm\u00e9let\u00e9nek. Ilyenekr\u0151l \u00edr, mint megszabad\u00edtani az elm\u00e9t az aggodalmakt\u00f3l, szab\u00e1lyozni \u00e9s ir\u00e1ny\u00edtani a gondolkoz\u00e1st, l\u00e9gz\u00e9sgyakorlatok, izomt\u00f3nus szab\u00e1lyoz\u00e1s, a test term\u00e9szetes er\u0151inek a haszn\u00e1lata \u00e9s a kering\u00e9s aktiv\u00e1l\u00e1sa. A Liang-dinasztia idej\u00e9n (502-557) \u00e9rkezett a Shaolin kolostorba egy buddhista szerzetes, Da Mo (Bodhidharma). Azt l\u00e1tta, hogy a szerzetesek gyeng\u00e9k, fizikai \u00e1llapotuk teljesen leromlott. Elvonult, kilenc \u00e9ven \u00e1t mag\u00e1nyosan medit\u00e1lt, \u00e9s visszat\u00e9r\u00e9se ut\u00e1n k\u00e9t k\u00f6nyvet \u00edrt. Az egyik, a Yi Gin Ching, ma is l\u00e9tezik. Ennek a k\u00f6nyvnek a gyakorlatai egy Chi Kung formagyakorlatot alkotnak, aminek a gyakorl\u00e1s\u00e1val a szerzetesek jelent\u0151sen meger\u0151s\u00f6dtek. Ezt az edz\u00e9st beillesztett\u00e9k a harcm\u0171v\u00e9szeti formagyakorlatokba, \u00edgy ez lett a Chi Kung els\u0151 ismert harcm\u0171v\u00e9szeti alkalmaz\u00e1sa.<\/p>\n<p>A Tang-dinasztia alatt (628-907) t\u00f6bb jelent\u0151s tudom\u00e1nyos munka sz\u00fcletett. Sokan ezt a peri\u00f3dust tekintik az igaz\u00e1n j\u00f3l form\u00e1lt \u00e9s meghat\u00e1rozott Chi Kung eredet\u00e9nek.<\/p>\n<p>A Ming-dinasztia idej\u00e9ben Qi Jing Ba Kao m\u00e1r \u00f6sszef\u00fcgg\u00e9seiben vizsg\u00e1lja a Chi Kung \u00e9s a meridi\u00e1nokban \u00e1raml\u00f3 emberi energia szerep\u00e9t. Zun Shen Shu k\u00e9s\u0151bb tizenk\u00e9t alapelvet \u00edrt el\u0151 a Chi Kung gyakorl\u00e1sa k\u00f6zben, valamint le\u00edrja a Chi Kung gy\u00f3gy\u00edt\u00e1sra val\u00f3 haszn\u00e1lat\u00e1t is.<\/p>\n<p>1949-ig a Chi Kung csak a cs\u00e1sz\u00e1r, a k\u00ednai arisztokr\u00e1cia \u00e9s a kiv\u00e1lts\u00e1gosok f\u00e9ltve \u0151rz\u00f6tt titka volt. A k\u00ednai \u00e1llam l\u00e9trej\u00f6tte ut\u00e1n ker\u00fclt az eg\u00e9szs\u00e9gmeg\u0151rz\u00e9s \u00e9s gy\u00f3gy\u00edt\u00e1s k\u00f6z\u00e9ppontj\u00e1ba.<\/p>\n<\/div>\n<\/div><\/div><\/div><\/div><\/div>","protected":false},"excerpt":{"rendered":"<p>Mintegy 4000 \u00e9ve le\u00edrtak a Yao korszakb\u00f3l sz\u00e1rmaz\u00f3 Chi szab\u00e1lyoz\u00f3 \u00e9s l\u00e9gz\u0151gyakorlatokat.A Tao Tang t\u00f6rzs idej\u00e9ben feljegyezt\u00e9k orvosok, hogy egyes emberek a testnedvek kering\u00e9si zavarai miatt betegedtek meg. Nekik mozg\u00e1sgyakorlatokat \u00edrtak el\u0151, ami m\u00e1r a Chi Kung \u0151si form\u00e1ja volt. A Warring korszakb\u00f3l sz\u00e1rmaz\u00f3 \u00edr\u00e1s\u00e1ban a tud\u00f3s Laozi a l\u00e9gz\u00e9s szab\u00e1lyoz\u00e1sa mellett \u00e1llatok mozg\u00e1s\u00e1t ut\u00e1nz\u00f3&hellip;<\/p>\n","protected":false},"author":1,"featured_media":0,"parent":177,"menu_order":0,"comment_status":"closed","ping_status":"closed","template":"","meta":{"spay_email":""},"jetpack_sharing_enabled":true,"jetpack_shortlink":"https:\/\/wp.me\/P7fnlG-2V","jetpack-related-posts":[{"id":17,"url":"https:\/\/medi-chi.hu\/index.php\/szolgaltatasaink\/","url_meta":{"origin":181,"position":0},"title":"Szolg\u00e1ltat\u00e1saink","date":"2016-02-17","format":false,"excerpt":"Massz\u00e9\u00e1zster\u00e1pi\u00e1k Ahogy a stresszt\u0151l kialakulnak fizikai t\u00fcnetek, \u00fagy ezen t\u00fcnetek massz\u00e1zsal t\u00f6rt\u00e9n\u0151 kezel\u00e9se visszafele is hat, \u00e9s ellazults\u00e1got, megnyugv\u00e1st, jobb energia \u00e1raml\u00e1st hoz l\u00e9tre! Tov\u00e1bb Cranio-sacralis ter\u00e1pia A cranio-sacralis ter\u00e1pia egy k\u00fcl\u00f6nlegesen gyeng\u00e9d, m\u00e9gis rendk\u00edv\u00fcli m\u00f3don hat\u00e9kony kezel\u00e9si forma, amely a szervezet \u00f6ngy\u00f3gy\u00edt\u00f3 mechanizmusaira, term\u00e9szetes v\u00e9dekez\u0151k\u00e9pess\u00e9g\u00e9re gyakorol hat\u00e1st, mik\u00f6zben lenyugtatja\u2026","rel":"","context":"Similar post","img":{"alt_text":"","src":"","width":0,"height":0},"classes":[]},{"id":141,"url":"https:\/\/medi-chi.hu\/index.php\/szolgaltatasaink\/szolgaltatas1\/","url_meta":{"origin":181,"position":1},"title":"Massz\u00e1zster\u00e1pi\u00e1k","date":"2016-03-22","format":false,"excerpt":"A massz\u00e1zs mindenkinek m\u00e1st jelent.. Minden ember m\u00e1st rem\u00e9l egy kezel\u00e9s sor\u00e1n. Van aki csak a f\u00e1j\u00f3 \u00e9s elgy\u00f6t\u00f6rt izmait befesz\u00fclt \u00edz\u00fcleteit szeretn\u00e9 kilaz\u00edtani, ez a leg \u00e1ltal\u00e1nosabb. Van aki egy kis megnyugv\u00e1st keres mert csak ilyenkor k\u00e9pes r\u00e1. \u00c9s m\u00e9g\u00a0sok\u00e1ig lehetne folytatni a sort\u2026 T\u00e9ny, hogy mai rohan\u00f3 vil\u00e1gunkban\u2026","rel":"","context":"Similar post","img":{"alt_text":"23","src":"https:\/\/i0.wp.com\/medi-chi.hu\/wp-content\/uploads\/2016\/04\/23.jpe?resize=350%2C200","width":350,"height":200},"classes":[]},{"id":15,"url":"https:\/\/medi-chi.hu\/index.php\/rolunk\/","url_meta":{"origin":181,"position":2},"title":"R\u00f3lunk","date":"2016-02-17","format":false,"excerpt":"\u00a0K\u00f6sz\u00f6ntelek kedves l\u00e1togat\u00f3! Engedd meg, hogy r\u00f6viden bemutatkozzam. Eg\u00e9szen kisgyermekkoromt\u00f3l fogva r\u00e9sz\u00e9t k\u00e9pezte az \u00e9letemnek az a gondolkod\u00e1s m\u00f3d ami miatt most itt vagyok. Vonzottak a megmagyar\u00e1zhatatlan, misztikus dolgok, mindig kerestem a \u201emi\u00e9rtekre\u201d a v\u00e1laszt a dolgok m\u00f6g\u00f6ttes m\u00e9lyebb meg\u00e9rt\u00e9s\u00e9re. Mindig figyeltem \u00e9s mindig \u201egondolkodtam, analiz\u00e1ltam\u201d\u00a0 Igen a logika \u00e9s\u2026","rel":"","context":"Similar post","img":{"alt_text":"","src":"https:\/\/i1.wp.com\/medi-chi.hu\/wp-content\/uploads\/2016\/03\/P1080721-264x300.jpg?resize=350%2C200","width":350,"height":200},"classes":[]},{"id":200,"url":"https:\/\/medi-chi.hu\/","url_meta":{"origin":181,"position":3},"title":"Kezd\u0151oldal","date":"2016-03-25","format":false,"excerpt":"\u00a0 \" Csak k\u00e9t nap van az \u00e9vben, mikor semmit sem tehetsz. Az egyik a tegnap, a m\u00e1sik a holnap. Teh\u00e1t csak a ma a megfelel\u0151 nap arra, hogy szeress, hogy higgy \u00e9s els\u0151sorban, hogy \u00e9lj! \" Dalai L\u00e1ma \u00a0 Aj\u00e1nd\u00e9kozzon b\u00e9rletet! R\u00f3lunk: A megszerzett tud\u00e1somat, tapasztalataimat a lehet\u0151 legnagyobb\u2026","rel":"","context":"Similar post","img":{"alt_text":"","src":"https:\/\/i1.wp.com\/medi-chi.hu\/wp-content\/uploads\/2016\/03\/ajandek.png?resize=350%2C200","width":350,"height":200},"classes":[]},{"id":326,"url":"https:\/\/medi-chi.hu\/index.php\/szolgaltatasaink\/ful-akupunktura\/","url_meta":{"origin":181,"position":4},"title":"F\u00fcl akupunkt\u00fara","date":"2016-03-30","format":false,"excerpt":"A kezel\u00e9s sor\u00e1n a f\u00fcl mint a test teljes holografikus lenyomata ker\u00fcl stimul\u00e1l\u00e1sra t\u0171kkel, vagy elektromosan. Ennek hat\u00e1s\u00e1ra beavatkoz\u00e1s t\u00f6rt\u00e9nik a szervezet energia folyamataiba, mely j\u00f3t\u00e9konyan befoly\u00e1solja az eg\u00e9sz szervezet m\u0171k\u00f6d\u00e9s\u00e9t, gy\u00f3gyul\u00e1s\u00e1t. Az eredm\u00e9ny nagyon gyorsan jelentkezik, a t\u0171 besz\u00far\u00e1s\u00e1t k\u00f6vet\u0151 t\u00edz percen \u00a0bel\u00fcl elkezdi kifejteni pozit\u00edv hat\u00e1s\u00e1t:\u00a0 cs\u00f6kken a\u2026","rel":"","context":"Similar post","img":{"alt_text":"","src":"https:\/\/i2.wp.com\/medi-chi.hu\/wp-content\/uploads\/2016\/03\/ful-300x283.png?resize=350%2C200","width":350,"height":200},"classes":[]},{"id":21,"url":"https:\/\/medi-chi.hu\/index.php\/kapcsolat\/","url_meta":{"origin":181,"position":5},"title":"Kapcsolat","date":"2016-02-17","format":false,"excerpt":"Weltin Istv\u00e1n+36 30 863 0236weltin.istvan@gmail.com","rel":"","context":"Similar post","img":{"alt_text":"","src":"","width":0,"height":0},"classes":[]}],"_links":{"self":[{"href":"https:\/\/medi-chi.hu\/index.php\/wp-json\/wp\/v2\/pages\/181"}],"collection":[{"href":"https:\/\/medi-chi.hu\/index.php\/wp-json\/wp\/v2\/pages"}],"about":[{"href":"https:\/\/medi-chi.hu\/index.php\/wp-json\/wp\/v2\/types\/page"}],"author":[{"embeddable":true,"href":"https:\/\/medi-chi.hu\/index.php\/wp-json\/wp\/v2\/users\/1"}],"replies":[{"embeddable":true,"href":"https:\/\/medi-chi.hu\/index.php\/wp-json\/wp\/v2\/comments?post=181"}],"version-history":[{"count":1,"href":"https:\/\/medi-chi.hu\/index.php\/wp-json\/wp\/v2\/pages\/181\/revisions"}],"predecessor-version":[{"id":182,"href":"https:\/\/medi-chi.hu\/index.php\/wp-json\/wp\/v2\/pages\/181\/revisions\/182"}],"up":[{"embeddable":true,"href":"https:\/\/medi-chi.hu\/index.php\/wp-json\/wp\/v2\/pages\/177"}],"wp:attachment":[{"href":"https:\/\/medi-chi.hu\/index.php\/wp-json\/wp\/v2\/media?parent=181"}],"curies":[{"name":"wp","href":"https:\/\/api.w.org\/{rel}","templated":true}]}}