{"id":183,"date":"2016-03-24T12:31:25","date_gmt":"2016-03-24T12:31:25","guid":{"rendered":"http:\/\/medi-chi.hu\/?page_id=183"},"modified":"2016-03-24T12:31:25","modified_gmt":"2016-03-24T12:31:25","slug":"az-energia-vagyis-a-chi","status":"publish","type":"page","link":"https:\/\/medi-chi.hu\/index.php\/szolgaltatasaink\/a-chikung-taichi\/az-energia-vagyis-a-chi\/","title":{"rendered":"Az energia, vagyis a Chi"},"content":{"rendered":"<div id=\"pl-183\"  class=\"panel-layout\" ><div id=\"pg-183-0\"  class=\"panel-grid panel-no-style\" ><div id=\"pgc-183-0-0\"  class=\"panel-grid-cell\" ><div id=\"panel-183-0-0-0\" class=\"so-panel widget widget_sow-editor panel-first-child\" data-index=\"0\" ><div class=\"so-widget-sow-editor so-widget-sow-editor-base\">\n<div class=\"siteorigin-widget-tinymce textwidget\">\n\t<p>A Chi val\u00f3j\u00e1ban csak t\u00f6k\u00e9letlen\u00fcl k\u00f6zel\u00edthet\u0151 meg mechanisztikus- materialista eszk\u00f6zeinkkel. Ez\u00e9rt addig, am\u00edg nyugati szok\u00e1sunk szerint valamit nem tudunk bizony\u00edtani, nem is \u00e9rdekl\u0151d\u00fcnk a hasznos\u00edt\u00e1s lehet\u0151s\u00e9ge ir\u00e1nt.<\/p>\n<p>A k\u00ednai \u00e9s indiai hagyom\u00e1nyok \u00e9s tapasztalati tud\u00e1s szerint az \u00e9let \u00e9s eg\u00e9szs\u00e9g a szervezet\u00fcnkben \u00e1raml\u00f3 \u00e9leter\u0151vel kapcsolatos. K\u00edn\u00e1ban Chinek, Indi\u00e1ban pr\u00e1n\u00e1nak nevezik ezt az \u00e9leter\u0151t. Nyugati kult\u00far\u00e1nk elemz\u0151 \u00e9s anyagi szeml\u00e9let\u0171 tud\u00f3sai t\u00f6bb k\u00eds\u00e9rletet tettek ennek az energi\u00e1nak a meghat\u00e1roz\u00e1s\u00e1ra. F\u00e1radoz\u00e1suk csak r\u00e9szben tekinthet\u0151 sikeresnek. Az is lehet, hogy ink\u00e1bb megt\u00e9veszt\u0151 az az eredm\u00e9ny, amit eddig el\u00e9rtek. Mindenesetre kerest\u00e9k a kapcsolatot az idegrendszer, a v\u00e9r \u00e9s nyirok valamint a Chi k\u00f6z\u00f6tt. Amilyen \u00f6sszef\u00fcgg\u00e9seket felfedeztek, az minden bizonnyal \u00e9rt\u00e9kes. Tud\u00f3saink val\u00f3sz\u00edn\u0171leg a Chi kering\u00e9s\u00e9nek csak anyagi v\u00e1ltoz\u00e1sokban megnyilv\u00e1nul\u00f3 k\u00f6vetkezm\u00e9nyeivel tal\u00e1lkozhatnak.<\/p>\n<p>\u00c1ltal\u00e1nosan h\u00e1romf\u00e9le Chit k\u00fcl\u00f6nb\u00f6ztet\u00fcnk meg.<\/p>\n<\/div>\n<\/div><\/div><div id=\"panel-183-0-0-1\" class=\"so-panel widget widget_sow-editor\" data-index=\"1\" ><div class=\"so-widget-sow-editor so-widget-sow-editor-base\"><h3 class=\"widget-title\">A mennyei, vagy \u00e9gi Chi (Tian Chi) <\/h3>\n<div class=\"siteorigin-widget-tinymce textwidget\">\n\t<p>Hat\u00e1sa az \u00e9gitestek \u00e9s a f\u00f6ld kapcsolat\u00e1ban jelentkezik. Befoly\u00e1ssal van a f\u00f6ld, \u00e9s az \u00e9l\u0151l\u00e9nyek \u00e1llapot\u00e1ra.<\/p>\n<p>E Chinek, az egyens\u00faly helyre\u00e1ll\u00edt\u00e1s\u00e1ra tett k\u00eds\u00e9rletei j\u00e1rnak k\u00fcl\u00f6nb\u00f6z\u0151 term\u00e9szeti katasztr\u00f3f\u00e1kkal, \u00e9s sz\u00e9ls\u0151s\u00e9ges vagy szokatlan jelens\u00e9gekkel.<\/p>\n<p><span style=\"line-height: 1.5;\">Term\u00e9szetesen befoly\u00e1solja az emberi Chit is, ennek magyar\u00e1zat\u00e1t k\u00eds\u00e9rli meg az asztrol\u00f3gia, \u00e9s a j\u00f6vend\u0151mond\u00e1s..<\/span><\/p>\n<\/div>\n<\/div><\/div><div id=\"panel-183-0-0-2\" class=\"so-panel widget widget_sow-editor\" data-index=\"2\" ><div class=\"so-widget-sow-editor so-widget-sow-editor-base\"><h3 class=\"widget-title\">A f\u00f6ldi Chi (Di Chi) <\/h3>\n<div class=\"siteorigin-widget-tinymce textwidget\">\n\t<p>Mag\u00e1ba fogadja a mennyei Chit, amely befoly\u00e1solja \u00e9s ir\u00e1ny\u00edtja. A F\u00f6ld energi\u00e1i ugyancsak egyens\u00falyra t\u00f6rekednek. Az egyens\u00falyveszt\u00e9snek mark\u00e1ns jelei vannak, (f\u00f6ldreng\u00e9s) a harm\u00f3nia viszont az \u00e9l\u0151l\u00e9nyek eg\u00e9szs\u00e9ges fejl\u0151d\u00e9s\u00e9t teszi lehet\u0151v\u00e9.<\/p>\n<p><span style=\"line-height: 1.5;\">A term\u00e9szettel val\u00f3 harmonikus egy\u00fctt\u00e9l\u00e9shez, \u00e9s a negat\u00edv hat\u00e1sok elh\u00e1r\u00edt\u00e1s\u00e1hoz ny\u00fajthat seg\u00edts\u00e9get a Feng Shui, \u00e9s a Di Li (geomancia).<\/span><\/p>\n<\/div>\n<\/div><\/div><div id=\"panel-183-0-0-3\" class=\"so-panel widget widget_sow-editor panel-last-child\" data-index=\"3\" ><div class=\"so-widget-sow-editor so-widget-sow-editor-base\"><h3 class=\"widget-title\">Az emberi Chi, (Zen Chi)<\/h3>\n<div class=\"siteorigin-widget-tinymce textwidget\">\n\t<p>Mindk\u00e9t el\u0151bbi energia befoly\u00e1sa alatt \u00e1ll. Az ember, a term\u00e9szet valamennyi \u00e9l\u0151l\u00e9ny\u00e9vel egyetemben, a mennyei, \u00e9s a f\u00f6ldi Chi hat\u00e1s\u00e1ban \u00e9l.<\/p>\n<p>Az ember Chi Kung gyakorlatok seg\u00edts\u00e9g\u00e9vel lehet k\u00e9pes a saj\u00e1t (\u00e9s m\u00e1s) energiarendszer\u00e9nek a befoly\u00e1sol\u00e1s\u00e1ra.<\/p>\n<\/div>\n<\/div><\/div><\/div><\/div><\/div>","protected":false},"excerpt":{"rendered":"<p>A Chi val\u00f3j\u00e1ban csak t\u00f6k\u00e9letlen\u00fcl k\u00f6zel\u00edthet\u0151 meg mechanisztikus- materialista eszk\u00f6zeinkkel. Ez\u00e9rt addig, am\u00edg nyugati szok\u00e1sunk szerint valamit nem tudunk bizony\u00edtani, nem is \u00e9rdekl\u0151d\u00fcnk a hasznos\u00edt\u00e1s lehet\u0151s\u00e9ge ir\u00e1nt.A k\u00ednai \u00e9s indiai hagyom\u00e1nyok \u00e9s tapasztalati tud\u00e1s szerint az \u00e9let \u00e9s eg\u00e9szs\u00e9g a szervezet\u00fcnkben \u00e1raml\u00f3 \u00e9leter\u0151vel kapcsolatos. K\u00edn\u00e1ban Chinek, Indi\u00e1ban pr\u00e1n\u00e1nak nevezik ezt az \u00e9leter\u0151t. Nyugati kult\u00far\u00e1nk elemz\u0151&hellip;<\/p>\n","protected":false},"author":1,"featured_media":0,"parent":177,"menu_order":0,"comment_status":"closed","ping_status":"closed","template":"","meta":{"spay_email":""},"jetpack_sharing_enabled":true,"jetpack_shortlink":"https:\/\/wp.me\/P7fnlG-2X","jetpack-related-posts":[{"id":15,"url":"https:\/\/medi-chi.hu\/index.php\/rolunk\/","url_meta":{"origin":183,"position":0},"title":"R\u00f3lunk","date":"2016-02-17","format":false,"excerpt":"\u00a0K\u00f6sz\u00f6ntelek kedves l\u00e1togat\u00f3! Engedd meg, hogy r\u00f6viden bemutatkozzam. Eg\u00e9szen kisgyermekkoromt\u00f3l fogva r\u00e9sz\u00e9t k\u00e9pezte az \u00e9letemnek az a gondolkod\u00e1s m\u00f3d ami miatt most itt vagyok. Vonzottak a megmagyar\u00e1zhatatlan, misztikus dolgok, mindig kerestem a \u201emi\u00e9rtekre\u201d a v\u00e1laszt a dolgok m\u00f6g\u00f6ttes m\u00e9lyebb meg\u00e9rt\u00e9s\u00e9re. Mindig figyeltem \u00e9s mindig \u201egondolkodtam, analiz\u00e1ltam\u201d\u00a0 Igen a logika \u00e9s\u2026","rel":"","context":"Similar post","img":{"alt_text":"","src":"https:\/\/i1.wp.com\/medi-chi.hu\/wp-content\/uploads\/2016\/03\/P1080721-264x300.jpg?resize=350%2C200","width":350,"height":200},"classes":[]},{"id":200,"url":"https:\/\/medi-chi.hu\/","url_meta":{"origin":183,"position":1},"title":"Kezd\u0151oldal","date":"2016-03-25","format":false,"excerpt":"\u00a0 \" Csak k\u00e9t nap van az \u00e9vben, mikor semmit sem tehetsz. Az egyik a tegnap, a m\u00e1sik a holnap. Teh\u00e1t csak a ma a megfelel\u0151 nap arra, hogy szeress, hogy higgy \u00e9s els\u0151sorban, hogy \u00e9lj! \" Dalai L\u00e1ma \u00a0 Aj\u00e1nd\u00e9kozzon b\u00e9rletet! R\u00f3lunk: A megszerzett tud\u00e1somat, tapasztalataimat a lehet\u0151 legnagyobb\u2026","rel":"","context":"Similar post","img":{"alt_text":"","src":"https:\/\/i1.wp.com\/medi-chi.hu\/wp-content\/uploads\/2016\/03\/ajandek.png?resize=350%2C200","width":350,"height":200},"classes":[]},{"id":141,"url":"https:\/\/medi-chi.hu\/index.php\/szolgaltatasaink\/szolgaltatas1\/","url_meta":{"origin":183,"position":2},"title":"Massz\u00e1zster\u00e1pi\u00e1k","date":"2016-03-22","format":false,"excerpt":"A massz\u00e1zs mindenkinek m\u00e1st jelent.. Minden ember m\u00e1st rem\u00e9l egy kezel\u00e9s sor\u00e1n. Van aki csak a f\u00e1j\u00f3 \u00e9s elgy\u00f6t\u00f6rt izmait befesz\u00fclt \u00edz\u00fcleteit szeretn\u00e9 kilaz\u00edtani, ez a leg \u00e1ltal\u00e1nosabb. Van aki egy kis megnyugv\u00e1st keres mert csak ilyenkor k\u00e9pes r\u00e1. \u00c9s m\u00e9g\u00a0sok\u00e1ig lehetne folytatni a sort\u2026 T\u00e9ny, hogy mai rohan\u00f3 vil\u00e1gunkban\u2026","rel":"","context":"Similar post","img":{"alt_text":"23","src":"https:\/\/i0.wp.com\/medi-chi.hu\/wp-content\/uploads\/2016\/04\/23.jpe?resize=350%2C200","width":350,"height":200},"classes":[]},{"id":17,"url":"https:\/\/medi-chi.hu\/index.php\/szolgaltatasaink\/","url_meta":{"origin":183,"position":3},"title":"Szolg\u00e1ltat\u00e1saink","date":"2016-02-17","format":false,"excerpt":"Massz\u00e9\u00e1zster\u00e1pi\u00e1k Ahogy a stresszt\u0151l kialakulnak fizikai t\u00fcnetek, \u00fagy ezen t\u00fcnetek massz\u00e1zsal t\u00f6rt\u00e9n\u0151 kezel\u00e9se visszafele is hat, \u00e9s ellazults\u00e1got, megnyugv\u00e1st, jobb energia \u00e1raml\u00e1st hoz l\u00e9tre! Tov\u00e1bb Cranio-sacralis ter\u00e1pia A cranio-sacralis ter\u00e1pia egy k\u00fcl\u00f6nlegesen gyeng\u00e9d, m\u00e9gis rendk\u00edv\u00fcli m\u00f3don hat\u00e9kony kezel\u00e9si forma, amely a szervezet \u00f6ngy\u00f3gy\u00edt\u00f3 mechanizmusaira, term\u00e9szetes v\u00e9dekez\u0151k\u00e9pess\u00e9g\u00e9re gyakorol hat\u00e1st, mik\u00f6zben lenyugtatja\u2026","rel":"","context":"Similar post","img":{"alt_text":"","src":"","width":0,"height":0},"classes":[]},{"id":326,"url":"https:\/\/medi-chi.hu\/index.php\/szolgaltatasaink\/ful-akupunktura\/","url_meta":{"origin":183,"position":4},"title":"F\u00fcl akupunkt\u00fara","date":"2016-03-30","format":false,"excerpt":"A kezel\u00e9s sor\u00e1n a f\u00fcl mint a test teljes holografikus lenyomata ker\u00fcl stimul\u00e1l\u00e1sra t\u0171kkel, vagy elektromosan. Ennek hat\u00e1s\u00e1ra beavatkoz\u00e1s t\u00f6rt\u00e9nik a szervezet energia folyamataiba, mely j\u00f3t\u00e9konyan befoly\u00e1solja az eg\u00e9sz szervezet m\u0171k\u00f6d\u00e9s\u00e9t, gy\u00f3gyul\u00e1s\u00e1t. Az eredm\u00e9ny nagyon gyorsan jelentkezik, a t\u0171 besz\u00far\u00e1s\u00e1t k\u00f6vet\u0151 t\u00edz percen \u00a0bel\u00fcl elkezdi kifejteni pozit\u00edv hat\u00e1s\u00e1t:\u00a0 cs\u00f6kken a\u2026","rel":"","context":"Similar post","img":{"alt_text":"","src":"https:\/\/i2.wp.com\/medi-chi.hu\/wp-content\/uploads\/2016\/03\/ful-300x283.png?resize=350%2C200","width":350,"height":200},"classes":[]},{"id":21,"url":"https:\/\/medi-chi.hu\/index.php\/kapcsolat\/","url_meta":{"origin":183,"position":5},"title":"Kapcsolat","date":"2016-02-17","format":false,"excerpt":"Weltin Istv\u00e1n+36 30 863 0236weltin.istvan@gmail.com","rel":"","context":"Similar post","img":{"alt_text":"","src":"","width":0,"height":0},"classes":[]}],"_links":{"self":[{"href":"https:\/\/medi-chi.hu\/index.php\/wp-json\/wp\/v2\/pages\/183"}],"collection":[{"href":"https:\/\/medi-chi.hu\/index.php\/wp-json\/wp\/v2\/pages"}],"about":[{"href":"https:\/\/medi-chi.hu\/index.php\/wp-json\/wp\/v2\/types\/page"}],"author":[{"embeddable":true,"href":"https:\/\/medi-chi.hu\/index.php\/wp-json\/wp\/v2\/users\/1"}],"replies":[{"embeddable":true,"href":"https:\/\/medi-chi.hu\/index.php\/wp-json\/wp\/v2\/comments?post=183"}],"version-history":[{"count":1,"href":"https:\/\/medi-chi.hu\/index.php\/wp-json\/wp\/v2\/pages\/183\/revisions"}],"predecessor-version":[{"id":184,"href":"https:\/\/medi-chi.hu\/index.php\/wp-json\/wp\/v2\/pages\/183\/revisions\/184"}],"up":[{"embeddable":true,"href":"https:\/\/medi-chi.hu\/index.php\/wp-json\/wp\/v2\/pages\/177"}],"wp:attachment":[{"href":"https:\/\/medi-chi.hu\/index.php\/wp-json\/wp\/v2\/media?parent=183"}],"curies":[{"name":"wp","href":"https:\/\/api.w.org\/{rel}","templated":true}]}}

<div id="pl-183"  class="panel-layout" ><div id="pg-183-0"  class="panel-grid panel-no-style" ><div id="pgc-183-0-0"  class="panel-grid-cell" ><div id="panel-183-0-0-0" class="so-panel widget widget_sow-editor panel-first-child" data-index="0" ><div class="so-widget-sow-editor so-widget-sow-editor-base">
<div class="siteorigin-widget-tinymce textwidget">
	<p>A Chi valójában csak tökéletlenül közelíthető meg mechanisztikus- materialista eszközeinkkel. Ezért addig, amíg nyugati szokásunk szerint valamit nem tudunk bizonyítani, nem is érdeklődünk a hasznosítás lehetősége iránt.</p>
<p>A kínai és indiai hagyományok és tapasztalati tudás szerint az élet és egészség a szervezetünkben áramló életerővel kapcsolatos. Kínában Chinek, Indiában pránának nevezik ezt az életerőt. Nyugati kultúránk elemző és anyagi szemléletű tudósai több kísérletet tettek ennek az energiának a meghatározására. Fáradozásuk csak részben tekinthető sikeresnek. Az is lehet, hogy inkább megtévesztő az az eredmény, amit eddig elértek. Mindenesetre keresték a kapcsolatot az idegrendszer, a vér és nyirok valamint a Chi között. Amilyen összefüggéseket felfedeztek, az minden bizonnyal értékes. Tudósaink valószínűleg a Chi keringésének csak anyagi változásokban megnyilvánuló következményeivel találkozhatnak.</p>
<p>Általánosan háromféle Chit különböztetünk meg.</p>
</div>
</div></div><div id="panel-183-0-0-1" class="so-panel widget widget_sow-editor" data-index="1" ><div class="so-widget-sow-editor so-widget-sow-editor-base"><h3 class="widget-title">A mennyei, vagy égi Chi (Tian Chi) </h3>
<div class="siteorigin-widget-tinymce textwidget">
	<p>Hatása az égitestek és a föld kapcsolatában jelentkezik. Befolyással van a föld, és az élőlények állapotára.</p>
<p>E Chinek, az egyensúly helyreállítására tett kísérletei járnak különböző természeti katasztrófákkal, és szélsőséges vagy szokatlan jelenségekkel.</p>
<p><span style="line-height: 1.5;">Természetesen befolyásolja az emberi Chit is, ennek magyarázatát kísérli meg az asztrológia, és a jövendőmondás..</span></p>
</div>
</div></div><div id="panel-183-0-0-2" class="so-panel widget widget_sow-editor" data-index="2" ><div class="so-widget-sow-editor so-widget-sow-editor-base"><h3 class="widget-title">A földi Chi (Di Chi) </h3>
<div class="siteorigin-widget-tinymce textwidget">
	<p>Magába fogadja a mennyei Chit, amely befolyásolja és irányítja. A Föld energiái ugyancsak egyensúlyra törekednek. Az egyensúlyvesztésnek markáns jelei vannak, (földrengés) a harmónia viszont az élőlények egészséges fejlődését teszi lehetővé.</p>
<p><span style="line-height: 1.5;">A természettel való harmonikus együttéléshez, és a negatív hatások elhárításához nyújthat segítséget a Feng Shui, és a Di Li (geomancia).</span></p>
</div>
</div></div><div id="panel-183-0-0-3" class="so-panel widget widget_sow-editor panel-last-child" data-index="3" ><div class="so-widget-sow-editor so-widget-sow-editor-base"><h3 class="widget-title">Az emberi Chi, (Zen Chi)</h3>
<div class="siteorigin-widget-tinymce textwidget">
	<p>Mindkét előbbi energia befolyása alatt áll. Az ember, a természet valamennyi élőlényével egyetemben, a mennyei, és a földi Chi hatásában él.</p>
<p>Az ember Chi Kung gyakorlatok segítségével lehet képes a saját (és más) energiarendszerének a befolyásolására.</p>
</div>
</div></div></div></div></div>

<p>A Chi valójában csak tökéletlenül közelíthető meg mechanisztikus- materialista eszközeinkkel. Ezért addig, amíg nyugati szokásunk szerint valamit nem tudunk bizonyítani, nem is érdeklődünk a hasznosítás lehetősége iránt.A kínai és indiai hagyományok és tapasztalati tudás szerint az élet és egészség a szervezetünkben áramló életerővel kapcsolatos. Kínában Chinek, Indiában pránának nevezik ezt az életerőt. Nyugati kultúránk elemző&hellip;</p>

Rólunk

Köszöntelek kedves látogató! Engedd meg, hogy röviden bemutatkozzam. Egészen kisgyermekkoromtól fogva részét képezte az életemnek az a gondolkodás mód ami miatt most itt vagyok. Vonzottak a megmagyarázhatatlan, misztikus dolgok, mindig kerestem a „miértekre” a választ a dolgok mögöttes mélyebb megértésére. Mindig figyeltem és mindig „gondolkodtam, analizáltam”  Igen a logika és…

Kezdőoldal

" Csak két nap van az évben, mikor semmit sem tehetsz. Az egyik a tegnap, a másik a holnap. Tehát csak a ma a megfelelő nap arra, hogy szeress, hogy higgy és elsősorban, hogy élj! " Dalai Láma   Ajándékozzon bérletet! Rólunk: A megszerzett tudásomat, tapasztalataimat a lehető legnagyobb…

Masszázsterápiák

A masszázs mindenkinek mást jelent.. Minden ember mást remél egy kezelés során. Van aki csak a fájó és elgyötört izmait befeszült ízületeit szeretné kilazítani, ez a leg általánosabb. Van aki egy kis megnyugvást keres mert csak ilyenkor képes rá. És még sokáig lehetne folytatni a sort… Tény, hogy mai rohanó világunkban…

Szolgáltatásaink

Masszéázsterápiák Ahogy a stressztől kialakulnak fizikai tünetek, úgy ezen tünetek masszázsal történő kezelése visszafele is hat, és ellazultságot, megnyugvást, jobb energia áramlást hoz létre! Tovább Cranio-sacralis terápia A cranio-sacralis terápia egy különlegesen gyengéd, mégis rendkívüli módon hatékony kezelési forma, amely a szervezet öngyógyító mechanizmusaira, természetes védekezőképességére gyakorol hatást, miközben lenyugtatja…

Fül akupunktúra

A kezelés során a fül mint a test teljes holografikus lenyomata kerül stimulálásra tűkkel, vagy elektromosan. Ennek hatására beavatkozás történik a szervezet energia folyamataiba, mely jótékonyan befolyásolja az egész szervezet működését, gyógyulását. Az eredmény nagyon gyorsan jelentkezik, a tű beszúrását követő tíz percen  belül elkezdi kifejteni pozitív hatását:  csökken a…

Weltin István+36 30 863 0236weltin.istvan@gmail.com
