{"id":187,"date":"2016-03-24T12:42:25","date_gmt":"2016-03-24T12:42:25","guid":{"rendered":"http:\/\/medi-chi.hu\/?page_id=187"},"modified":"2016-03-24T12:42:25","modified_gmt":"2016-03-24T12:42:25","slug":"chi-kung-es-a-gyogyaszat","status":"publish","type":"page","link":"https:\/\/medi-chi.hu\/index.php\/szolgaltatasaink\/a-chikung-taichi\/chi-kung-es-a-gyogyaszat\/","title":{"rendered":"Chi Kung \u00e9s a gy\u00f3gy\u00e1szat"},"content":{"rendered":"<div id=\"pl-187\"  class=\"panel-layout\" ><div id=\"pg-187-0\"  class=\"panel-grid panel-no-style\" ><div id=\"pgc-187-0-0\"  class=\"panel-grid-cell\" ><div id=\"panel-187-0-0-0\" class=\"so-panel widget widget_sow-editor panel-first-child panel-last-child\" data-index=\"0\" ><div class=\"so-widget-sow-editor so-widget-sow-editor-base\">\n<div class=\"siteorigin-widget-tinymce textwidget\">\n\t<p>A nyugati kult\u00far\u00e1nkat k\u00f6vet\u0151 orvosl\u00e1s m\u00e1ra gyakorlatilag sz\u00e9les k\u00f6rben elfogadta \u00e9s tiszteli az akupunkt\u00fara gyakorlat\u00e1t. A Chi Kung gyakorlatok hat\u00e1s\u00e1t az akupunkt\u00fara figyelembev\u00e9tel\u00e9vel \u00e9rthetj\u00fck meg legk\u00f6nnyebben.<\/p>\n<p>A hagyom\u00e1nyos k\u00ednai orvosl\u00e1s elm\u00e9lete szerint az eg\u00e9szs\u00e9g kulcsa a Chi egyenletes \u00e9s megfelel\u0151 kering\u00e9se. Ezt biztos\u00edtja, illetve \u00e1ll\u00edtja helyre az akupunkt\u00fara, akupressz\u00fara, a Chi Kung, sok esetben kombin\u00e1lva moxibustioval, k\u00f6p\u00f6ly\u00f6z\u00e9ssel, az \u00e9trend be\u00e1ll\u00edt\u00e1s\u00e1val, illetve gy\u00f3gyn\u00f6v\u00e9nyek, te\u00e1k alkalmaz\u00e1s\u00e1val.<\/p>\n<p>K\u00edn\u00e1ban Chi Kung k\u00f3rh\u00e1zak m\u0171k\u00f6dnek, ahol az orvosok speci\u00e1lisan \u00f6ssze\u00e1ll\u00edtott gyakorlatokat v\u00e9geztetnek a betegekkel.<\/p>\n<p>1979-ben Pekingben tartottak tudom\u00e1nyos konferenci\u00e1t, ahol \u00f3ri\u00e1si figyelmet keltett a Chi Kung, sz\u00e9les k\u00f6rben val\u00f3 alkalmazhat\u00f3s\u00e1g\u00e1val \u00e9s egyszer\u0171 hozz\u00e1f\u00e9rhet\u0151s\u00e9g\u00e9vel. A tradicion\u00e1lis k\u00ednai medicina \u00fajrafogalmaz\u00e1s\u00e1ban nagy szerepet sz\u00e1nnak a Chi Kungnak.<\/p>\n<p>Els\u0151sorban Sv\u00e1jcban, az USA-ban, Jap\u00e1nban, Oroszorsz\u00e1gban, valamint Nyugat-Eur\u00f3pa fejlett orsz\u00e1gaiban, \u00e9s K\u00edn\u00e1ban folynak kutat\u00e1sok a Chi Kung betegs\u00e9gekre val\u00f3 hat\u00e1s\u00e1ban.<\/p>\n<p>F\u0151 t\u00e9m\u00e1k; a r\u00e1kos sejtek m\u0171k\u00f6d\u00e9s\u00e9nek befoly\u00e1sol\u00e1sa; m\u0171t\u00e9ti \u00e9rz\u00e9stelen\u00edt\u00e9sre val\u00f3 felhaszn\u00e1l\u00e1s; sz\u00edvizom v\u00e9rell\u00e1t\u00e1s\u00e1nak jav\u00edt\u00e1sa; agyi elektromos v\u00e1ltoz\u00e1sok a Chi Kung hat\u00e1s\u00e1ra, ezzel a l\u00e1t\u00e1s hall\u00e1s befoly\u00e1sol\u00e1sa. Tanulm\u00e1nyozz\u00e1k az immunrendszer v\u00e1ltoz\u00e1sait, a csontt\u00f6r\u00e9sek gy\u00f3gyul\u00e1s\u00e1t, \u00e9s a nemi aktivit\u00e1s v\u00e1ltoz\u00e1s\u00e1t a Chi Kung hat\u00e1s\u00e1ra. Sok s\u00falyos betegs\u00e9g gy\u00f3gy\u00edt\u00e1s\u00e1ban \u00e9rtek el igazolt klinikai sikereket, \u00e9s eredm\u00e9nyeket v\u00e1rnak a paranorm\u00e1lis jelens\u00e9gek \u00e9s a Chi Kung \u00f6sszef\u00fcgg\u00e9seinek vizsg\u00e1lat\u00e1t\u00f3l is.<\/p>\n<p>Dr. Jiao Guorui hagyom\u00e1nyos k\u00ednai orvos, akit a k\u00ednai korm\u00e1ny k\u00e9rt fel a Chi Kung rendszerez\u00e9s\u00e9re, a pekingi egyetemen 100 nagy gyakorlattal rendelkez\u0151 k\u00ednai orvos- Chi Kung mestert k\u00e9pzett ki arra, hogy elterjessze a vil\u00e1gban a 21. sz\u00e1zad legeredm\u00e9nyesebb \u00e9s mindenki sz\u00e1m\u00e1ra hozz\u00e1f\u00e9rhet\u0151 eg\u00e9szs\u00e9gmeg\u0151rz\u0151 \u00e9s gy\u00f3gy\u00edt\u00f3 elj\u00e1r\u00e1s\u00e1t. A mai nyugati civiliz\u00e1ci\u00f3ban \u00e9l\u0151 ember sz\u00e1m\u00e1ra a stressz egyenletes t\u0171r\u00e9se illetve feldolgoz\u00e1sa az egyik legkedvez\u0151bb eredm\u00e9nye a Chi Kung gyakorl\u00e1snak. Mind szellemi, mind fizikai teherb\u00edr\u00e1sa megn\u0151 a gyakorl\u00f3nak.<\/p>\n<\/div>\n<\/div><\/div><\/div><\/div><\/div>","protected":false},"excerpt":{"rendered":"<p>A nyugati kult\u00far\u00e1nkat k\u00f6vet\u0151 orvosl\u00e1s m\u00e1ra gyakorlatilag sz\u00e9les k\u00f6rben elfogadta \u00e9s tiszteli az akupunkt\u00fara gyakorlat\u00e1t. A Chi Kung gyakorlatok hat\u00e1s\u00e1t az akupunkt\u00fara figyelembev\u00e9tel\u00e9vel \u00e9rthetj\u00fck meg legk\u00f6nnyebben.A hagyom\u00e1nyos k\u00ednai orvosl\u00e1s elm\u00e9lete szerint az eg\u00e9szs\u00e9g kulcsa a Chi egyenletes \u00e9s megfelel\u0151 kering\u00e9se. Ezt biztos\u00edtja, illetve \u00e1ll\u00edtja helyre az akupunkt\u00fara, akupressz\u00fara, a Chi Kung, sok esetben kombin\u00e1lva moxibustioval,&hellip;<\/p>\n","protected":false},"author":1,"featured_media":0,"parent":177,"menu_order":0,"comment_status":"closed","ping_status":"closed","template":"","meta":{"spay_email":""},"jetpack_sharing_enabled":true,"jetpack_shortlink":"https:\/\/wp.me\/P7fnlG-31","jetpack-related-posts":[{"id":326,"url":"https:\/\/medi-chi.hu\/index.php\/szolgaltatasaink\/ful-akupunktura\/","url_meta":{"origin":187,"position":0},"title":"F\u00fcl akupunkt\u00fara","date":"2016-03-30","format":false,"excerpt":"A kezel\u00e9s sor\u00e1n a f\u00fcl mint a test teljes holografikus lenyomata ker\u00fcl stimul\u00e1l\u00e1sra t\u0171kkel, vagy elektromosan. Ennek hat\u00e1s\u00e1ra beavatkoz\u00e1s t\u00f6rt\u00e9nik a szervezet energia folyamataiba, mely j\u00f3t\u00e9konyan befoly\u00e1solja az eg\u00e9sz szervezet m\u0171k\u00f6d\u00e9s\u00e9t, gy\u00f3gyul\u00e1s\u00e1t. Az eredm\u00e9ny nagyon gyorsan jelentkezik, a t\u0171 besz\u00far\u00e1s\u00e1t k\u00f6vet\u0151 t\u00edz percen \u00a0bel\u00fcl elkezdi kifejteni pozit\u00edv hat\u00e1s\u00e1t:\u00a0 cs\u00f6kken a\u2026","rel":"","context":"Similar post","img":{"alt_text":"","src":"https:\/\/i2.wp.com\/medi-chi.hu\/wp-content\/uploads\/2016\/03\/ful-300x283.png?resize=350%2C200","width":350,"height":200},"classes":[]},{"id":17,"url":"https:\/\/medi-chi.hu\/index.php\/szolgaltatasaink\/","url_meta":{"origin":187,"position":1},"title":"Szolg\u00e1ltat\u00e1saink","date":"2016-02-17","format":false,"excerpt":"Massz\u00e9\u00e1zster\u00e1pi\u00e1k Ahogy a stresszt\u0151l kialakulnak fizikai t\u00fcnetek, \u00fagy ezen t\u00fcnetek massz\u00e1zsal t\u00f6rt\u00e9n\u0151 kezel\u00e9se visszafele is hat, \u00e9s ellazults\u00e1got, megnyugv\u00e1st, jobb energia \u00e1raml\u00e1st hoz l\u00e9tre! Tov\u00e1bb Cranio-sacralis ter\u00e1pia A cranio-sacralis ter\u00e1pia egy k\u00fcl\u00f6nlegesen gyeng\u00e9d, m\u00e9gis rendk\u00edv\u00fcli m\u00f3don hat\u00e9kony kezel\u00e9si forma, amely a szervezet \u00f6ngy\u00f3gy\u00edt\u00f3 mechanizmusaira, term\u00e9szetes v\u00e9dekez\u0151k\u00e9pess\u00e9g\u00e9re gyakorol hat\u00e1st, mik\u00f6zben lenyugtatja\u2026","rel":"","context":"Similar post","img":{"alt_text":"","src":"","width":0,"height":0},"classes":[]},{"id":200,"url":"https:\/\/medi-chi.hu\/","url_meta":{"origin":187,"position":2},"title":"Kezd\u0151oldal","date":"2016-03-25","format":false,"excerpt":"\u00a0 \" Csak k\u00e9t nap van az \u00e9vben, mikor semmit sem tehetsz. Az egyik a tegnap, a m\u00e1sik a holnap. Teh\u00e1t csak a ma a megfelel\u0151 nap arra, hogy szeress, hogy higgy \u00e9s els\u0151sorban, hogy \u00e9lj! \" Dalai L\u00e1ma \u00a0 Aj\u00e1nd\u00e9kozzon b\u00e9rletet! R\u00f3lunk: A megszerzett tud\u00e1somat, tapasztalataimat a lehet\u0151 legnagyobb\u2026","rel":"","context":"Similar post","img":{"alt_text":"","src":"https:\/\/i1.wp.com\/medi-chi.hu\/wp-content\/uploads\/2016\/03\/ajandek.png?resize=350%2C200","width":350,"height":200},"classes":[]},{"id":15,"url":"https:\/\/medi-chi.hu\/index.php\/rolunk\/","url_meta":{"origin":187,"position":3},"title":"R\u00f3lunk","date":"2016-02-17","format":false,"excerpt":"\u00a0K\u00f6sz\u00f6ntelek kedves l\u00e1togat\u00f3! Engedd meg, hogy r\u00f6viden bemutatkozzam. Eg\u00e9szen kisgyermekkoromt\u00f3l fogva r\u00e9sz\u00e9t k\u00e9pezte az \u00e9letemnek az a gondolkod\u00e1s m\u00f3d ami miatt most itt vagyok. Vonzottak a megmagyar\u00e1zhatatlan, misztikus dolgok, mindig kerestem a \u201emi\u00e9rtekre\u201d a v\u00e1laszt a dolgok m\u00f6g\u00f6ttes m\u00e9lyebb meg\u00e9rt\u00e9s\u00e9re. Mindig figyeltem \u00e9s mindig \u201egondolkodtam, analiz\u00e1ltam\u201d\u00a0 Igen a logika \u00e9s\u2026","rel":"","context":"Similar post","img":{"alt_text":"","src":"https:\/\/i1.wp.com\/medi-chi.hu\/wp-content\/uploads\/2016\/03\/P1080721-264x300.jpg?resize=350%2C200","width":350,"height":200},"classes":[]},{"id":141,"url":"https:\/\/medi-chi.hu\/index.php\/szolgaltatasaink\/szolgaltatas1\/","url_meta":{"origin":187,"position":4},"title":"Massz\u00e1zster\u00e1pi\u00e1k","date":"2016-03-22","format":false,"excerpt":"A massz\u00e1zs mindenkinek m\u00e1st jelent.. Minden ember m\u00e1st rem\u00e9l egy kezel\u00e9s sor\u00e1n. Van aki csak a f\u00e1j\u00f3 \u00e9s elgy\u00f6t\u00f6rt izmait befesz\u00fclt \u00edz\u00fcleteit szeretn\u00e9 kilaz\u00edtani, ez a leg \u00e1ltal\u00e1nosabb. Van aki egy kis megnyugv\u00e1st keres mert csak ilyenkor k\u00e9pes r\u00e1. \u00c9s m\u00e9g\u00a0sok\u00e1ig lehetne folytatni a sort\u2026 T\u00e9ny, hogy mai rohan\u00f3 vil\u00e1gunkban\u2026","rel":"","context":"Similar post","img":{"alt_text":"23","src":"https:\/\/i0.wp.com\/medi-chi.hu\/wp-content\/uploads\/2016\/04\/23.jpe?resize=350%2C200","width":350,"height":200},"classes":[]},{"id":21,"url":"https:\/\/medi-chi.hu\/index.php\/kapcsolat\/","url_meta":{"origin":187,"position":5},"title":"Kapcsolat","date":"2016-02-17","format":false,"excerpt":"Weltin Istv\u00e1n+36 30 863 0236weltin.istvan@gmail.com","rel":"","context":"Similar post","img":{"alt_text":"","src":"","width":0,"height":0},"classes":[]}],"_links":{"self":[{"href":"https:\/\/medi-chi.hu\/index.php\/wp-json\/wp\/v2\/pages\/187"}],"collection":[{"href":"https:\/\/medi-chi.hu\/index.php\/wp-json\/wp\/v2\/pages"}],"about":[{"href":"https:\/\/medi-chi.hu\/index.php\/wp-json\/wp\/v2\/types\/page"}],"author":[{"embeddable":true,"href":"https:\/\/medi-chi.hu\/index.php\/wp-json\/wp\/v2\/users\/1"}],"replies":[{"embeddable":true,"href":"https:\/\/medi-chi.hu\/index.php\/wp-json\/wp\/v2\/comments?post=187"}],"version-history":[{"count":1,"href":"https:\/\/medi-chi.hu\/index.php\/wp-json\/wp\/v2\/pages\/187\/revisions"}],"predecessor-version":[{"id":188,"href":"https:\/\/medi-chi.hu\/index.php\/wp-json\/wp\/v2\/pages\/187\/revisions\/188"}],"up":[{"embeddable":true,"href":"https:\/\/medi-chi.hu\/index.php\/wp-json\/wp\/v2\/pages\/177"}],"wp:attachment":[{"href":"https:\/\/medi-chi.hu\/index.php\/wp-json\/wp\/v2\/media?parent=187"}],"curies":[{"name":"wp","href":"https:\/\/api.w.org\/{rel}","templated":true}]}}

Chi Kung és a gyógyászat

<div id="pl-187"  class="panel-layout" ><div id="pg-187-0"  class="panel-grid panel-no-style" ><div id="pgc-187-0-0"  class="panel-grid-cell" ><div id="panel-187-0-0-0" class="so-panel widget widget_sow-editor panel-first-child panel-last-child" data-index="0" ><div class="so-widget-sow-editor so-widget-sow-editor-base">
<div class="siteorigin-widget-tinymce textwidget">
	<p>A nyugati kultúránkat követő orvoslás mára gyakorlatilag széles körben elfogadta és tiszteli az akupunktúra gyakorlatát. A Chi Kung gyakorlatok hatását az akupunktúra figyelembevételével érthetjük meg legkönnyebben.</p>
<p>A hagyományos kínai orvoslás elmélete szerint az egészség kulcsa a Chi egyenletes és megfelelő keringése. Ezt biztosítja, illetve állítja helyre az akupunktúra, akupresszúra, a Chi Kung, sok esetben kombinálva moxibustioval, köpölyözéssel, az étrend beállításával, illetve gyógynövények, teák alkalmazásával.</p>
<p>Kínában Chi Kung kórházak működnek, ahol az orvosok speciálisan összeállított gyakorlatokat végeztetnek a betegekkel.</p>
<p>1979-ben Pekingben tartottak tudományos konferenciát, ahol óriási figyelmet keltett a Chi Kung, széles körben való alkalmazhatóságával és egyszerű hozzáférhetőségével. A tradicionális kínai medicina újrafogalmazásában nagy szerepet szánnak a Chi Kungnak.</p>
<p>Elsősorban Svájcban, az USA-ban, Japánban, Oroszországban, valamint Nyugat-Európa fejlett országaiban, és Kínában folynak kutatások a Chi Kung betegségekre való hatásában.</p>
<p>Fő témák; a rákos sejtek működésének befolyásolása; műtéti érzéstelenítésre való felhasználás; szívizom vérellátásának javítása; agyi elektromos változások a Chi Kung hatására, ezzel a látás hallás befolyásolása. Tanulmányozzák az immunrendszer változásait, a csonttörések gyógyulását, és a nemi aktivitás változását a Chi Kung hatására. Sok súlyos betegség gyógyításában értek el igazolt klinikai sikereket, és eredményeket várnak a paranormális jelenségek és a Chi Kung összefüggéseinek vizsgálatától is.</p>
<p>Dr. Jiao Guorui hagyományos kínai orvos, akit a kínai kormány kért fel a Chi Kung rendszerezésére, a pekingi egyetemen 100 nagy gyakorlattal rendelkező kínai orvos- Chi Kung mestert képzett ki arra, hogy elterjessze a világban a 21. század legeredményesebb és mindenki számára hozzáférhető egészségmegőrző és gyógyító eljárását. A mai nyugati civilizációban élő ember számára a stressz egyenletes tűrése illetve feldolgozása az egyik legkedvezőbb eredménye a Chi Kung gyakorlásnak. Mind szellemi, mind fizikai teherbírása megnő a gyakorlónak.</p>
</div>
</div></div></div></div></div>

<p>A nyugati kultúránkat követő orvoslás mára gyakorlatilag széles körben elfogadta és tiszteli az akupunktúra gyakorlatát. A Chi Kung gyakorlatok hatását az akupunktúra figyelembevételével érthetjük meg legkönnyebben.A hagyományos kínai orvoslás elmélete szerint az egészség kulcsa a Chi egyenletes és megfelelő keringése. Ezt biztosítja, illetve állítja helyre az akupunktúra, akupresszúra, a Chi Kung, sok esetben kombinálva moxibustioval,&hellip;</p>

Fül akupunktúra

A kezelés során a fül mint a test teljes holografikus lenyomata kerül stimulálásra tűkkel, vagy elektromosan. Ennek hatására beavatkozás történik a szervezet energia folyamataiba, mely jótékonyan befolyásolja az egész szervezet működését, gyógyulását. Az eredmény nagyon gyorsan jelentkezik, a tű beszúrását követő tíz percen  belül elkezdi kifejteni pozitív hatását:  csökken a…

Szolgáltatásaink

Masszéázsterápiák Ahogy a stressztől kialakulnak fizikai tünetek, úgy ezen tünetek masszázsal történő kezelése visszafele is hat, és ellazultságot, megnyugvást, jobb energia áramlást hoz létre! Tovább Cranio-sacralis terápia A cranio-sacralis terápia egy különlegesen gyengéd, mégis rendkívüli módon hatékony kezelési forma, amely a szervezet öngyógyító mechanizmusaira, természetes védekezőképességére gyakorol hatást, miközben lenyugtatja…

Kezdőoldal

" Csak két nap van az évben, mikor semmit sem tehetsz. Az egyik a tegnap, a másik a holnap. Tehát csak a ma a megfelelő nap arra, hogy szeress, hogy higgy és elsősorban, hogy élj! " Dalai Láma   Ajándékozzon bérletet! Rólunk: A megszerzett tudásomat, tapasztalataimat a lehető legnagyobb…

Rólunk

Köszöntelek kedves látogató! Engedd meg, hogy röviden bemutatkozzam. Egészen kisgyermekkoromtól fogva részét képezte az életemnek az a gondolkodás mód ami miatt most itt vagyok. Vonzottak a megmagyarázhatatlan, misztikus dolgok, mindig kerestem a „miértekre” a választ a dolgok mögöttes mélyebb megértésére. Mindig figyeltem és mindig „gondolkodtam, analizáltam”  Igen a logika és…

Masszázsterápiák

A masszázs mindenkinek mást jelent.. Minden ember mást remél egy kezelés során. Van aki csak a fájó és elgyötört izmait befeszült ízületeit szeretné kilazítani, ez a leg általánosabb. Van aki egy kis megnyugvást keres mert csak ilyenkor képes rá. És még sokáig lehetne folytatni a sort… Tény, hogy mai rohanó világunkban…

Weltin István+36 30 863 0236weltin.istvan@gmail.com
